ds digit of 10059130?
9
What is the millions digit of 281045523?
1
What is the hundred millions digit of 541897806?
5
What is the hundred millions digit of 366280775?
3
What is the thousands digit of 1628349478?
9
What is the hundred thousands digit of 370479779?
4
What is the thousands digit of 1869210130?
0
What is the hundred thousands digit of 5174612930?
6
What is the hundred millions digit of 131952380?
1
What is the thousands digit of 85347229?
7
What is the millions digit of 2873998562?
3
What is the hundreds digit of 420390657?
6
What is the hundred millions digit of 124077914?
1
What is the hundred thousands digit of 4245157001?
1
What is the hundred thousands digit of 4142572039?
5
What is the units digit of 6728385?
5
What is the hundred thousands digit of 1657287288?
2
What is the units digit of 38582668?
8
What is the millions digit of 74032562?
4
What is the ten millions digit of 98942626?
9
What is the millions digit of 49317834?
9
What is the ten thousands digit of 786122797?
2
What is the units digit of 1961185711?
1
What is the ten millions digit of 2029023562?
2
What is the hundred thousands digit of 10288171?
2
What is the ten thousands digit of 34931460?
3
What is the thousands digit of 54143553?
3
What is the hundreds digit of 793351467?
4
What is the hundred thousands digit of 71172852?
1
What is the billions digit of 7258655619?
7
What is the ten millions digit of 2056747308?
5
What is the tens digit of 48395478?
7
What is the hundreds digit of 1855803439?
4
What is the hundred thousands digit of 96621822?
6
What is the ten millions digit of 924236652?
2
What is the thousands digit of 653336961?
6
What is the thousands digit of 3620862643?
2
What is the tens digit of 188624926?
2
What is the thousands digit of 52518487?
8
What is the ten millions digit of 29974843?
2
What is the millions digit of 4692313189?
2
What is the billions digit of 1320488726?
1
What is the hundred thousands digit of 97974958?
9
What is the millions digit of 153235349?
3
What is the hundred millions digit of 1944478154?
9
What is the hundred thousands digit of 87495401?
4
What is the hundred millions digit of 4515027053?
5
What is the millions digit of 836820847?
6
What is the billions digit of 1668373139?
1
What is the ten thousands digit of 26501940?
0
What is the hundred thousands digit of 4352726086?
7
What is the hundred millions digit of 1040746267?
0
What is the tens digit of 1087995648?
4
What is the thousands digit of 21453009?
3
What is the ten thousands digit of 565686613?
8
What is the ten millions digit of 875057535?
7
What is the hundreds digit of 3148307117?
1
What is the thousands digit of 97760280?
0
What is the hundred thousands digit of 93131617?
1
What is the ten millions digit of 2643748981?
4
What is the ten millions digit of 2451267155?
5
What is the thousands digit of 373189481?
9
What is the units digit of 25981088?
8
What is the tens digit of 1629038182?
8
What is the hundreds digit of 26303637?
6
What is the ten thousands digit of 12482868?
8
What is the tens digit of 529692063?
6
What is the ten thousands digit of 73446867?
4
What is the hundred millions digit of 2298564714?
2
What is the hundred thousands digit of 30271952?
2
What is the hundreds digit of 2121926355?
3
What is the thousands digit of 17595501?
5
What is the thousands digit of 191792284?
2
What is the millions digit of 328470698?
8
What is the hundred millions digit of 125375677?
1
What is the hundreds digit of 478078743?
7
What is the millions digit of 201674815?
1
What is the hundred millions digit of 199461719?
1
What is the units digit of 839754437?
7
What is the ten thousands digit of 114687774?
8
What is the tens digit of 1696489637?
3
What is the units digit of 952323015?
5
What is the thousands digit of 143442808?
2
What is the hundreds digit of 81176515?
5
What is the hundred thousands digit of 643878276?
8
What is the millions digit of 638503112?
8
What is the hundred thousands digit of 522324010?
3
What is the units digit of 46532647?
7
What is the billions digit of 2764450589?
2
What is the tens digit of 316401524?
2
What is the hundred thousands digit of 491612741?
6
What is the units digit of 3568700723?
3
What is the ten millions digit of 241958938?
4
What is the ten millions digit of 1159662939?
5
What is the hundred millions digit of 208230373?
2
What is the hundred thousands digit of 36141361?
1
What is the hundreds digit of 185722076?
0
What is the ten thousands digit of 480656357?
5
What is the units digit of 61245770?
0
What is the millions digit of 46796984?
6
What is the hundred millions digit of 1225715499?
2
What is the millions digit of 1946558240?
6
What is the hundred millions digit of 697327868?
6
What is the hundred millions digit of 950241488?
9
What is the ten millions digit of 1094353510?
9
What is the ten thousands digit of 2591193970?
9
What is the tens digit of 10330860?
6
What is the hundreds digit of 1314099756?
7
What is the ten thousands digit of 1149684662?
8
What is the ten millions digit of 779801249?
7
What is the ten thousands digit of 58383524?
8
What is the units digit of 206992079?
9
What is the hundred millions digit of 2759797072?
7
What is the hundreds digit of 266469971?
9
What is the hundred thousands digit of 181986450?
9
What is the ten thousands digit of 766653046?
5
What is the hundred thousands digit of 289855895?
8
What is the hundreds digit of 32882421?
4
What is the millions digit of 1403402464?
3
What is the hundreds digit of 49294064?
0
What is the ten millions digit of 758048090?
5
What is the ten millions digit of 128314469?
2
What is the hundreds digit of 967959026?
0
What is the hundred thousands digit of 904375544?
3
What is the thousands digit of 40106101?
6
What is the thousands digit of 61793289?
3
What is the tens digit of 731527970?
7
What is the thousands digit of 436432237?
2
What is the units digit of 54071267?
7
What is the ten thousands digit of 1467548816?
4
What is the millions digit of 139797372?
9
What is the ten thousands digit of 2727724618?
2
What is the tens digit of 784066704?
0
What is the ten thousands digit of 104693703?
9
What is the millions digit of 948540512?
8
What is the tens digit of 19180218?
1
What is the millions digit of 2536340750?
6
What is the hundred thousands digit of 2443861877?
8
What is the thousands digit of 3339640664?
0
What is the tens digit of 107288194?
9
What is the hundred millions digit of 475937910?
4
What is the hundreds digit of 4389223046?
0
What is the millions digit of 81120645?
1
What is the tens digit of 367657870?
7
What is the hundreds digit of 54519342?
3
What is the hundreds digit of 119247147?
1
What is the ten thousands digit of 3588296060?
9
What is the ten thousands digit of 4038736692?
3
What is the millions digit of 50902028?
0
What is the hundreds digit of 4987849?
8
What is the millions digit of 174919994?
4
What is the tens digit of 346681900?
0
What is the units digit of 1089105020?
0
What is the tens digit of 437546484?
8
What is the hundreds digit of 271352914?
9
What is the hundred thousands digit of 22649814?
6
What is the ten thousands digit of 241059741?
5
What is the billions digit of 1892256596?
1
What is the hundred millions digit of 4118919807?
1
What is the hundreds digit of 828120443?
4
What is the ten thousands digit of 294343753?
4
What is the tens digit of 569784423?
2
What is the thousands digit of 62665782?
5
What is the thousands digit of 91783200?
3
What is the thousands digit of 31707964?
7
What is the hundred thousands digit of 184835210?
8
What is the millions digit of 405645070?
5
What is the units digit of 373746749?
9
What is the thousands digit of 67084045?
4
What is the thousands digit of 1060671971?
1
What is the billions digit of 1334057449?
1
What is the ten millions digit of 34681826?
3
What is the ten thousands digit of 4674511984?
1
What is the ten millions digit of 369762872?
6
What is the hundreds digit of 2573943600?
6
What is the millions digit of 22004991?
2
What is the hundreds digit of 337862491?
4
What is the hundreds digit of 523028612?
6
What is the ten thousands digit of 377551491?
5
What is the hundreds digit of 367129548?
5
What is the units digit of 173079166?
6
